ase 9, what is 5 - 21350117?
-21350112
In base 4, what is 11 - 3321132122?
-3321132111
In base 4, what is -2201003103 - 1330?
-2201011033
In base 4, what is 2101031310 + 2023?
2101033333
In base 2, what is -111011001011010011 - 100?
-111011001011010111
In base 12, what is 7a2a + -14b?
789b
In base 13, what is -657385 - -12?
-657373
In base 15, what is -272a974 + -4?
-272a978
In base 12, what is -370a70a - 9?
-370a717
In base 12, what is 2 + -698950a?
-6989508
In base 2, what is -100000011001011110111 - -1001?
-100000011001011101110
In base 12, what is 86514 + -2206?
8430a
In base 3, what is 1110 + -2122201100020?
-2122201021210
In base 14, what is 274 - -da36?
dcaa
In base 16, what is 3 - 744f7af?
-744f7ac
In base 7, what is -12106 + -253506?
-265615
In base 8, what is -1272 + 45740?
44446
In base 10, what is -108938 - 69?
-109007
In base 10, what is -17489652 - -7?
-17489645
In base 7, what is -2201406 + 101?
-2201305
In base 15, what is -392 + 15075c?
1503ba
In base 10, what is 45 - 25327300?
-25327255
In base 4, what is -3002311 - 3132?
-3012103
In base 4, what is -21010232113130 + -1?
-21010232113131
In base 16, what is -9f + -396d?
-3a0c
In base 13, what is 3b18302 + 3a?
3b1833c
In base 2, what is 10011100011 + -10100101100110?
-10010010000011
In base 16, what is 450235 - 3?
450232
In base 12, what is -55280 + -214?
-55494
In base 13, what is -2 - 2a2629?
-2a262b
In base 7, what is 45113235 + -66?
45113136
In base 2, what is -100010000110101111101100 - -10001?
-100010000110101111011011
In base 7, what is 512 - 4240614?
-4240102
In base 10, what is -50714 + 568?
-50146
In base 7, what is 1 - 633602065?
-633602064
In base 13, what is b + -311a88?
-311a7a
In base 8, what is 153251 + 145?
153416
In base 12, what is 1589371 + 2?
1589373
In base 2, what is 1101110110 + -10101010100110100?
-10101000110111110
In base 15, what is 2 - da45837?
-da45835
In base 4, what is 2001203022312 + -2?
2001203022310
In base 12, what is -378 - -1217?
a5b
In base 11, what is 4 - -1805416?
180541a
In base 2, what is -1000000001000101111111001 + 100?
-1000000001000101111110101
In base 8, what is 3 - 275626212?
-275626207
In base 12, what is 26001 - 46?
25b77
In base 14, what is 5d033 + 21?
5d054
In base 13, what is -6 - 2c1648?
-2c1651
In base 9, what is -6 - 3734704?
-3734711
In base 5, what is 1 - 1032003?
-1032002
In base 14, what is -44c6378 - -8?
-44c6370
In base 7, what is 10221550606 + -3?
10221550603
In base 12, what is 84a9 + -21b16?
-15629
In base 14, what is 2 - -6cb74d?
6cb751
In base 11, what is 19 - -15149a84?
15149aa2
In base 11, what is 115 - 16729?
-16614
In base 3, what is -21210212 - -20002?
-21120210
In base 8, what is -16332 - -227?
-16103
In base 3, what is 10 - -1012200212111001?
1012200212111011
In base 4, what is -2231 - -30231213?
30222322
In base 4, what is -1 - 201033231113?
-201033231120
In base 3, what is -11111020000022 + 1?
-11111020000021
In base 12, what is 0 - 225412?
-225412
In base 10, what is 7751 + 731?
8482
In base 7, what is -61216164 - 156?
-61216353
In base 8, what is 2274563450 - -3?
2274563453
In base 4, what is 1020320310 - -201002?
1021121312
In base 6, what is 1525 + -322433?
-320504
In base 3, what is 202211021 - -1021022?
211002120
In base 10, what is -1091070 - -197?
-1090873
In base 11, what is 23194 + -12675?
1061a
In base 6, what is 0 - 1430545111?
-1430545111
In base 10, what is 7235701 + 2?
7235703
In base 8, what is 351303205 - 2?
351303203
In base 10, what is -57230 - 33?
-57263
In base 13, what is -10112 - -43b?
-c9a4
In base 7, what is -2246015 - 3?
-2246021
In base 3, what is 21022011122021 + 2?
21022011122100
In base 13, what is -17 - c25ab?
-c25c5
In base 5, what is -134004004314 - -2?
-134004004312
In base 9, what is 654065807 + -4?
654065803
In base 14, what is 13549 + 51?
1359a
In base 16, what is -20c2c + 53?
-20bd9
In base 2, what is -101111010010001 - -10111000?
-101110111011001
In base 15, what is -793 + -8995?
-9238
In base 12, what is -35 + -1191a0?
-119215
In base 4, what is -3121010 + -223111?
-10010121
In base 12, what is -9 - 17b0b3?
-17b100
In base 12, what is 4298470 + -4?
4298468
In base 3, what is -2200221 - -12001001?
2100010
In base 8, what is -1 - -631061647?
631061646
In base 11, what is -a5824a - 18?
-a58267
In base 4, what is -222023202231 + 231?
-222023202000
In base 8, what is -152773 + -51360?
-224353
In base 11, what is -115 - 11221?
-11336
In base 10, what is 1 + -74804138?
-74804137
In base 9, what is -8552 - -1250?
-7302
In base 16, what is 0 - -174b4b?
174b4b
In base 15, what is -38c40 + -e34?
-39b74
In base 15, what is -9d2629 - 2?
-9d262b
In base 3, what is 10 + -11002101112021?
-11002101112011
In base 7, what is 213043 + -306?
212434
In base 11, what is -4a - -69158?
69109
In base 8, what is -1 - 15130726?
-15130727
In base 5, what is -4031241 + -20?
-4031311
In base 7, what is 5166 + 2234?
10433
In base 7, what is -1501145115 + -22?
-1501145140
In base 8, what is 40400 - -4321?
44721
In base 10, what is 19015514 + 5?
19015519
In base 3, what is -11112 - 102112000100112?
-102112000112001
In base 12, what is -20 - -2363b?
2361b
In base 7, what is 2355164401 - 4?
2355164364
In base 15, what is -6983 - -a?
-6978
In base 3, what is 11 - 12100010220111?
-12100010220100
In base 12, what is -32a2 + 47379?
44097
In base 2, what is -11001111 + 101110000010010?
101101101000011
In base 6, what is 4542 - 4533501?
-4524515
In base 16, what is -18 - -18c13?
18bfb
In base 8, what is 12016247 + -157?
12016070
In base 8, what is -31773437 - -26?
-31773411
In base 9, what is 622 - -6010?
6632
In base 2, what is -1001111010100110001111 + -1?
-1001111010100110010000
In base 10, what is 63416 + -8229?
55187
In base 9, what is -165772 + -16?
-165788
In base 13, what is 3 - 215988b7?
-215988b4
In base 13, what is 3 + -1075acc?
-1075ac9
In base 12, what is 13182 + 5?
13187
In base 6, what is -204520 + 1130323?
521403
In base 10, what is 28397593 - -20?
28397613
In base 15, what is -aae4e7 + -3?
-aae4ea
In base 12, what is -ab7 - -146304?
145409
In base 11, what is 109 - 18054a5?
-1805397
In base 10, what is 6017742 + 3?
6017745
In base 7, what is 2 + 360524235?
360524240
In base 3, what is -212110000110111 - -11?
-212110000110100
In base 13, what is 40 - 1717cac?
-1717c6c
In base 5, what is -11 - 1144124124?
-1144124140
In base 8, what is 5 + -71637741?
-71637734
In base 2, what is 110110010001110111 + 110000110110?
110111000010101101
In base 13, what is 38c570 + -7?
38c566
In base 4, what is 103112200 - 322?
103111212
In base 14, what is 3 - 10ac21?
-10ac1c
In base 6, what is 2151 + -15352400?
-15350205
In base 7, what is 1230250643 - 5?
1230250635
In base 15, what is -dce + 499d?
3abe
In base 15, what is 47 - -1cb8?
1d10
In base 10, what is 689482 - -11?
689493
In base 11, what is 12a78 + 19771?
31739
In base 16, what is 44 - -4f2fcc?
4f3010
In base 3, what is 2000112111022 - 1222?
2000112102100
In base 16, what is -159f - bd90?
-d32f
In base 12, what is 1324 + -51a68?
-50744
In base 11, what is 3 + 2575447?
257544a
In base 6, what is -5543114 - 113?
-5543231
In base 7, what is -101 + -3041622?
-3042023
In base 3, what is -2200220 + 212211210?
210010220
In base 4, what is 10213012322 - 20?
10213012302
In base 15, what is 17ca + 2258?
3a33
In base 11, what is -382596355 - -3?
-382596352
In base 4, what is -21020303 - -1130?
-21013113
In base 5, what is -31240310 + -1?
-31240311
In base 14, what is -685aa - 8c1?
-6908b
In base 16, what is 13e9 + -65d?
d8c
In base 11, what is -19a21a3 - 1?
-19a21a4
In base 9, what is 18 - 1785351?
-1785332
In base 12, what is 53a + -1ab1b?
-1a5a1
In base 13, what is 113 + -3bb0?
-3a9a
In base 6, what is -440 - -524421402?
524420522
In base 11, what is 1865 - -9a?
1954
In base 16, what is 2078 - 26?
2052
In base 15, what is -1861 - -148?
-1718
In base 13, what is 300 + 1a509?
1a809
In base 8, what is 14155 - -46710?
63065
In base 7, what is -2525056 - -14?
-2525042
In base 9, what is -33 + 17306718?
17306675
In base 15, what is -1627 + -322?
-1949
In base 13, what is -3a48 + -9b?
-3b16
In base 15, what is -71352e - a?
-713539
In base 6, what is 2504 + -2253335?
-2250431
In base 9, what is -10347128 + 18?
-10347110
In base 16, what is b4 - 9435c?
-942a8
In 